e?
False
Suppose -5*z = 5*c - 560, -4*c = 5*z - 7*c - 584. Is z prime?
False
Let w(x) = x**3 - x**2 - 2*x - 5. Let j be (8/(-6))/(2/(-6)). Is w(j) prime?
False
Let u = 2609 + 152. Is u a composite number?
True
Let d = 945 + -626. Is d composite?
True
Suppose -5*h = -2 - 3. Let d = 156 + h. Is d a prime number?
True
Suppose -14*l = -15*l + 341. Is l composite?
True
Let f = -21 - -71. Suppose 34 = 3*l - f. Suppose -2*x + 2*r = -l, -4*x - 4*r = r - 101. Is x a prime number?
True
Let p = 15 - 0. Is (138/2)/(p/10) prime?
False
Let z(n) = 0*n**2 - 5*n**2 - 7 - 2*n - n**3 + 2*n**2. Is z(-5) a composite number?
False
Let j(g) = 4*g + 3 - 2 - 2. Let f = 4 + -3. Is j(f) composite?
False
Suppose 5*f + 5*d = 600, 3*f - 231 = -4*d + 134. Is f a composite number?
True
Let j(i) = -122*i + 27. Is j(-16) composite?
False
Suppose g = -j + 5, -2*g - 2*j + 16 = 2*j. Is 106/4*(4 - g) prime?
True
Is -79*(-2)/(0 - -2) prime?
True
Let s(k) = 4*k + 15. Let o be s(-6). Is (-6)/o + (-890)/(-6) a composite number?
False
Let o = 7 + 8. Let x = -21 + o. Let j(k) = k**3 + 8*k**2 + 8*k - 3. Is j(x) a prime number?
False
Let y(o) = -7*o + 4. Let k be y(-3). Suppose -b - u = 2*u + 76, 5*u = k. Let v = b - -140. Is v prime?
False
Let f(b) = b**2 - 4*b + 7. Let o be f(5). Let p = o - 9. Suppose -p*x + 100 = x. Is x prime?
False
Suppose 3*q = -2*q - 790. Is (3 + -2)/((-2)/q) composite?
False
Let j(u) = -267*u + 7. Is j(-2) composite?
False
Suppose -3*k - s = 118, 5*k + 5*s = s - 206. Is (3 + 11)*k/(-4) prime?
False
Let k(u) = 53*u**2 + 2*u + 7. Is k(-2) a composite number?
True
Suppose -7*f + 411 = -170. Is f prime?
True
Let u(d) be the third derivative of d**6/120 - 3*d**5/20 - 17*d**4/24 - 5*d**3/6 - d**2. Is u(12) a composite number?
False
Suppose -4*g - 351 = -2147. Is g composite?
False
Let r(q) = 1037*q - 2. Let g be r(1). Suppose 0 = -3*p + 5*j + 2, 3*p = -4*j - 15 + 35. Suppose 0 = -p*k + g - 383. Is k composite?
False
Suppose -g - 3*p - 57 = 2*g, -4*p - 46 = 2*g. Let z be (-6)/g + (-6)/(-10). Is 3/(1*z/3) prime?
False
Suppose 3 = k, -2*k + 0*k - 119 = -5*m. Is m a prime number?
False
Suppose -119 = -3*o + 127. Let r = 81 + o. Is r a prime number?
True
Let v(q) = q. Let a be v(2). Suppose 0 = -a*t + 5*j - 2, -2*t - 3*j - 2*j = -18. Suppose 127 = t*m + 43. Is m a prime number?
False
Let o be -3 + 4/((-4)/(-61)). Let v be 4/(-6) - 67/3. Let f = v + o. Is f a composite number?
True
Let o be 3/(3/(-2) - -1). Let j(c) be the third derivative of c**5/30 + 5*c**4/24 - 5*c**3/6 - 2*c**2. Is j(o) composite?
False
Let d(u) = 4*u**2 - 4*u - 1. Is d(-3) composite?
False
Let j = 76 - 118. Let g = j - -77. Is g composite?
True
Suppose c = 2*c - 402. Suppose 5*x = -2*r + c, r + 3*r - 5*x = 864. Is r a composite number?
False
Let h be 8/(-32) - 26/(-8). Suppose 3*w + 4*y - 190 = 0, h*w + 7 = 5*y + 161. Is -7 - -7 - (-1 - w) a composite number?
False
Let v = -3 - -6. Suppose 5*a - 28 = v*z + 67, -5*a = z - 115. Is a prime?
False
Suppose 6*z + t - 17 = 2*z, -5*z - 2*t + 22 = 0. Suppose 2*k = z - 0. Is k a prime number?
True
Suppose -4*z + 1023 = h, 3*z - 4*h + h - 786 = 0. Is z composite?
False
Let r(v) be the second derivative of v**4/3 - v**2/2 + 2*v. Let n be r(1). Suppose -69 = -2*b - 5*h, 5*b - 2*h = -n*h + 230. Is b a prime number?
True
Suppose 4*j - 353 = a, j + 4*a + 16 = 117. Is j prime?
True
Suppose 2*k - 40 = 3*k. Let w = 159 + k. Is w a prime number?
False
Let f = -98 + 236. Let x = 82 + f. Suppose 4*n + 0*n - 216 = k, -4*n + 2*k + x = 0. Is n a prime number?
True
Let y = 420 + -233. Is y a prime number?
False
Let h(i) = i**3 + 8*i**2 + 6*i - 4. Let l be h(-7). Suppose -2*p - 265 = -l*p. Is p composite?
True
Let a(d) = -2*d**3 - 6*d**2 - 6*d + 1. Suppose -4*v + 16 = -8*v. Is a(v) composite?
True
Let m be 1 + 267 + 2/(-1). Suppose 4*o = 3*i + 2*i - m, -4*i = 8. Let z = o - -100. Is z a composite number?
False
Let o = -9 + 6. Suppose -g + 3131 = -5*q + 836, g = q + 455. Is o/(-9) - q/6 a prime number?
False
Let c be 149/(-7) + (-6)/(-21). Let u(g) = -g + 14. Let a be u(0). Let i = a - c. Is i prime?
False
Is 3 + 0/2 - -138 composite?
True
Suppose 4*f + 19 = 5*j, 2*f = -6*j + 3*j + 7. Suppose -4*b - 149 = -0*w + j*w, 0 = 3*w + 5*b + 151. Let h = w - -94. Is h prime?
True
Let m be (-3 - (1 - 3))/((-1)/17). Let p be 2/(-4) - 14/4. Let r = m + p. Is r composite?
False
Let x(m) = -m**2 + 9*m + 1. Let d be x(6). Let b be (-5)/(18/d + -1). Suppose -p + 2*p - b = 0. Is p composite?
True
Let q be (-308)/(-49) - 5 - (-2)/(-7). Suppose 0*v = -5*v. Is 307 + -1 + (q - v) a prime number?
True
Suppose -4*f - 20 + 112 = 0. Let p = -4 + f. Is p prime?
True
Let s(u) = -u + 3. Let j be 2/(-4) + (-36)/8. Let k be s(j). Suppose -5*i + 62 = -k. Is i composite?
True
Let g(r) = -165*r - 13. Is g(-10) composite?
False
Let h be ((-10)/(-2 + 4))/1. Let k be (-10)/h - (2 + -3). Suppose 4*s + 49 = k*a + 2*s, -4*a - 4*s = -32. Is a prime?
True
Let p = 915 - 348. Suppose 84 - p = -3*i. Is i composite?
True
Let s = 367 - 116. Is s prime?
True
Let b(t) = 394*t - 3. Is b(2) a prime number?
False
Let z(d) = 30*d**2 - 3*d - 2. Is z(-3) a composite number?
False
Suppose 797 = 5*m - 4*i, -m + 151 = -0*m + 2*i. Is m a composite number?
False
Is 4 + 0 + -6 + 453 prime?
False
Suppose -5*r - n + 230 = -4*n, -5*n + 230 = 5*r. Suppose r - 3 = g. Is g a prime number?
True
Let y(v) be the third derivative of 7/6*v**3 + 0*v + 0 - 3*v**2 - v**4. Is y(-5) a prime number?
True
Let d(j) = -4*j - 7. Let o = 6 - 11. Is d(o) a composite number?
False
Let g = -186 + 37. Let o = 328 + g. Is o a prime number?
True
Suppose -4*q + 188 = -2*q. Is q a prime number?
False
Let q(w) = 3*w**2 + 7*w - 7. Is q(4) a prime number?
False
Let s be 2304/28 - 4/14. Suppose 16 = 2*x - s. Is x composite?
True
Let i(q) = -q**3 - 12*q**2 + 13*q + 7. Let b be i(-13). Suppose -2*z + b*z = 335. Is z composite?
False
Suppose -3*v + 3986 = -4*g - 792, -1598 = -v - 4*g. Is v a composite number?
True
Is ((-1)/(-3))/((-5)/(-4005)) composite?
True
Suppose -190 = -a - 2*n + 73, 1325 = 5*a + 5*n. Is a a composite number?
True
Suppose 139 = 5*v - 41. Let u = v - -91. Is u a prime number?
True
Let j = 313 + 594. Is j prime?
True
Suppose 3*c - c + 32 = 0. Let f = c + 2. Is (f/(-3))/((-4)/(-12)) prime?
False
Suppose 2*n - 3 - 3 = 0. Suppose 0 = -u - 0 + n. Suppose 56 = 4*z + 4*j, 3*z + 7*j - u*j = 41. Is z composite?
True
Let w(k) = k**3 + 2*k**2 - 3*k + 2. Suppose -f = -6*f - 15. Let m be w(f). Is m*((-123)/(-2) - -2) prime?
True
Suppose -q + 5 = -0*q. Suppose 82 = q*n + 7. Is n prime?
False
Let i(p) = -p - 1. Let l be i(3). Suppose 6*r - 5 - 1 = 0. Is (2/(l/(-38)))/r prime?
True
Suppose 0 = -5*h + 3*z + 24, h + 2*z - 5 - 5 = 0. Suppose h*i - 135 = 3*i - p, 0 = 5*i + 4*p - 218. Is i a prime number?
False
Let a(s) = -159*s - 2. Let i(k) = -159*k - 2. Let f(y) = 4*a(y) - 3*i(y). Let c be f(-2). Suppose 2*t = -2*t + c. Is t a prime number?
True
Let k = 478 + -141. Is k composite?
False
Is (-2)/(-6) + -1 + 127128/72 prime?
False
Suppose 916 = -0*f + 2*f. Suppose -c = 2*h - 562, 0 = -3*h - 3*c - 59 + 908. Let y = f - h. Is y prime?
True
Suppose 32 = 7*j - 3*j. Is 90/j + 1/(-4) a composite number?
False
Let m = 0 + 5. Suppose -4*o + 60 = -4*b, o + m*b - 96 = -3*o. Is o prime?
True
Let a = -11 - -17. Is (-3)/(a/(-2)) - -50 a composite number?
True
Let i be 260/(-8)*(8 - 2). Let s(j) = j**3 - j**2 + 7*j + 9. Let h be s(7). Let a = i + h. Is a a prime number?
True
Let w(c) = c**3 + 10*c**2 + 10*c - 11. Let d = -9 + 1. Is w(d) composite?
False
Let c be -4 + (6*1)/3. Let t be (-56 + -1)*(c - -1). Suppose 0 = -2*j + 5*z + 38, 6*j - z - t = 3*j. Is j prime?
True
Let x(l) = 3*l - 1. Let v be x(1). Suppose -v*q + 42 = -q. Suppose -n + 139 - q = 0. Is n a prime number?
True
Suppose 196 = -2*a + 4*a. Let y be 102/(-4)*(-14)/3. Let h = a + y. Is h a composite number?
True
Suppose -852 = 2*c + 2*c. Let d(y) = 50*y + 8. Let j be d(6). Let n = c + j. Is n a composite number?
True
Let t be (-119 - -1)/(2/(-6)). Suppose -5*b + 3*b = -t. Is b a composite number?
True
Let o(f) = 77*f - 15. Is o(6) a prime number?
False
Let h = 1 + 1. Is h - 4/((-8)/90) a composite number?
False
Let d(m) be the first derivative of m**3/3 - 3*m**2/2 - 3*m + 3. Is d(-6) a composite number?
True
Is (164/(-6))